14) to base 11.
-174
What is 212202 (base 4) in base 7?
10122
What is a00 (base 12) in base 9?
1870
-1462 (base 11) to base 6
-12415
113 (base 15) to base 6
1043
17c5 (base 16) to base 2
1011111000101
What is 12371 (base 8) in base 15?
18ce
What is -1001101111101101 (base 2) in base 8?
-115755
-22653 (base 7) to base 15
-1ad0
-310 (base 5) to base 2
-1010000
44302 (base 8) to base 5
1044001
What is 106704 (base 9) in base 16?
f9fa
Convert -28219 (base 10) to base 14.
-a3d9
What is 1000011110 (base 2) in base 3?
202002
Convert 7230 (base 8) to base 13.
1915
Convert -1100011 (base 3) to base 15.
-451
Convert 10365 (base 8) to base 5.
114331
151 (base 16) to base 4
11101
What is 110220 (base 3) in base 9?
426
Convert -2121012 (base 3) to base 16.
-767
Convert -24a1 (base 14) to base 9.
-8715
Convert -1331 (base 5) to base 16.
-d8
Convert 31101033 (base 4) to base 7.
314313
What is 453 (base 10) in base 16?
1c5
e8b7 (base 16) to base 2
1110100010110111
-156a0 (base 11) to base 10
-22132
Convert -1423 (base 6) to base 13.
-22b
Convert 4365 (base 11) to base 3.
21220021
Convert 2d8 (base 16) to base 3.
222222
Convert -bd89 (base 14) to base 5.
-2022403
2341 (base 7) to base 4
31132
c6 (base 16) to base 12
146
Convert 3928 (base 12) to base 14.
2532
1403 (base 9) to base 13
633
What is -354 (base 11) in base 7?
-1142
What is -3544 (base 7) in base 8?
-2432
6263 (base 7) to base 2
100010011001
What is -1408 (base 10) in base 11?
-1070
1573 (base 15) to base 2
1001000000000
What is 2320122 (base 4) in base 7?
46260
What is -5451 (base 8) in base 16?
-b29
-1112212000 (base 3) to base 5
-1434020
Convert 5150 (base 6) to base 3.
1120110
Convert -145031 (base 6) to base 12.
-8177
Convert -12202001 (base 3) to base 8.
-10132
Convert -2769 (base 10) to base 4.
-223101
6030 (base 7) to base 16
81f
What is 238 (base 12) in base 2?
101001100
What is -105 (base 8) in base 13?
-54
Convert 11110101010 (base 2) to base 14.
a02
1374 (base 12) to base 14
b68
Convert 1d9 (base 15) to base 6.
1553
-315 (base 16) to base 6
-3353
What is -1709 (base 12) in base 7?
-11001
Convert 10231 (base 15) to base 4.
30132301
What is 12011032 (base 4) in base 2?
110000101001110
2020300 (base 4) to base 13
3ca3
105412 (base 6) to base 9
13318
-1101001011111 (base 2) to base 7
-25453
What is 40333 (base 5) in base 10?
2593
c6e8 (base 16) to base 12
25574
Convert -501 (base 12) to base 5.
-10341
What is -a14 (base 14) in base 4?
-132322
What is 25456 (base 8) in base 16?
2b2e
What is 1401 (base 9) in base 8?
2036
Convert 2733 (base 14) to base 5.
210110
What is 23424 (base 9) in base 7?
63433
Convert -10221 (base 4) to base 16.
-129
88 (base 14) to base 5
440
What is -251315 (base 6) in base 5?
-1203432
201200 (base 3) to base 10
531
16333 (base 7) to base 14
198a
-27d (base 14) to base 6
-2155
-1ab (base 13) to base 2
-100110110
Convert -504 (base 9) to base 13.
-256
20032 (base 4) to base 5
4101
Convert -155b (base 16) to base 3.
-21111111
Convert -1150 (base 8) to base 15.
-2b1
What is -5485 (base 10) in base 9?
-7464
11a4 (base 11) to base 9
2130
Convert 12221 (base 3) to base 16.
a0
-233 (base 4) to base 16
-2f
-1323254 (base 6) to base 3
-10201120221
Convert -23251 (base 6) to base 2.
-110100001111
Convert -3997 (base 12) to base 2.
-1100111000011
12 (base 11) to base 12
11
What is -2cc (base 13) in base 7?
-1322
-12122002 (base 3) to base 4
-1000022
What is 15170 (base 11) in base 15?
657e
-3413 (base 6) to base 4
-30201
What is -122013 (base 4) in base 12?
-b73
What is 7d68 (base 14) in base 5?
1144343
Convert 13136 (base 8) to base 11.
4336
What is 345 (base 7) in base 12?
130
What is -52a (base 11) in base 9?
-777
2dc2 (base 16) to base 3
121001212
Convert -4431 (base 10) to base 12.
-2693
Convert 41043 (base 5) to base 12.
1648
-2a53 (base 15) to base 3
-110110020
30101 (base 5) to base 2
11101101101
Convert 1301103 (base 4) to base 6.
53323
What is 50652 (base 7) in base 10?
12336
-48 (base 12) to base 7
-110
What is -1100111000101 (base 2) in base 10?
-6597
Convert 100011010100010 (base 2) to base 7.
103501
-11260 (base 10) to base 4
-2233330
Convert -72 (base 10) to base 7.
-132
Convert -6449 (base 10) to base 12.
-3895
What is -10211022001 (base 3) in base 5?
-4402204
15523 (base 7) to base 5
120003
What is -313 (base 13) in base 8?
-1013
-837a (base 16) to base 11
-23319
What is 33414 (base 7) in base 6?
103023
166c6 (base 14) to base 12
2865a
What is 2b1 (base 15) in base 16?
268
What is 211020 (base 4) in base 7?
6633
What is 12003 (base 5) in base 7?
2363
What is -59c8 (base 13) in base 4?
-3011332
What is -1032 (base 9) in base 15?
-358
Convert 14367 (base 9) to base 8.
23065
Convert -3f9 (base 16) to base 9.
-1350
What is 5674 (base 9) in base 16?
1066
What is -555a (base 13) in base 15?
-37da
1010 (base 6) to base 7
435
924 (base 15) to base 6
13311
Convert 512125 (base 6) to base 10.
40661
-33338 (base 9) to base 4
-11122010
What is -62c (base 13) in base 9?
-1388
-103204 (base 5) to base 8
-6742
What is 70a1 (base 16) in base 8?
70241
What is 10101222 (base 3) in base 5?
34413
What is ebf (base 16) in base 3?
12011211
Convert -11010011111 (base 2) to base 15.
-780
What is -20112021 (base 3) in base 10?
-4759
Convert 24436 (base 7) to base 10.
6397
What is 12382 (base 14) in base 4?
22320332
What is 20416 (base 7) in base 12?
2a97
-2c57 (base 14) to base 5
-223132
What is -324 (base 9) in base 2?
-100001001
1e1 (base 15) to base 16
1b4
a681 (base 12) to base 13
83c2
Convert -110010 (base 4) to base 16.
-504
Convert -101320 (base 4) to base 11.
-950
Convert -212311 (base 4) to base 7.
-10150
Convert 22033211 (base 4) to base 9.
63488
What is abf5 (base 16) in base 11?
3008a
What is -160105 (base 7) in base 12?
-16117
What is 6b0 (base 12) in base 7?
2622
What is 46732 (base 9) in base 5?
1444324
Convert -1a7 (base 12) to base 11.
-227
Convert 462 (base 13) to base 8.
1364
What is 561c (base 14) in base 3?
202110200
What is 5a65 (base 15) in base 2?
100101100010100
-33335 (base 6) to base 10
-4667
22014 (base 7) to base 3
21112200
What is 24367 (base 8) in base 10?
10487
-7461 (base 8) to base 3
-12100001
-2ee (base 15) to base 4
-22202
Convert 30670 (base 8) to base 14.
48d2
What is -110010011000110 (base 2) in base 6?
-315234
Convert 3232 (base 8) to base 13.
a00
6c2 (base 16) to base 7
5021
What is 23211 (base 4) in base 2?
1011100101
Convert 1247 (base 8) to base 12.
487
What is 68c (base 14) in base 9?
1704
21266 (base 7) to base 10
5291
What is -89a (base 12) in base 8?
-2366
1144 (base 12) to base 15
884
What is 20a1 (base 14) in base 7?
22261
What is 1241 (base 5) in base 6?
524
What is 25525 (base 6) in base 16?
f1d
What is 10425 (base 7) in base 16?
a38
10210 (base 4) to base 15
147
1694 (base 13) to base 3
11120102
31302013 (base 4) to base 13
1c909
276 (base 11) to base 15
16a
What is -11636 (base 12) in base 5?
-1221440
Convert 2161 (base 10) to base 8.
4161
What is -203444 (base 6) in base 8?
-37764
Convert 178 (base 14) to base 4.
10232
-85d (base 15) to base 13
-b23
a0 (base 11) to base 3
11002
What is 35a0 (base 12) in base 3?
22021010
What is 150 (base 13) in base 11?
1a3
What is -17751 (base 8) in base 16?
-1fe9
What is -48334 (base 9) in base 5?
-2013400
What is 39 (base 15) in base 2?
110110
What is -111110000111001 (base 2) in base 12?
-164a1
1235 (base 8) to base 4
22131
Convert -1000111000111000 (base 2) to base 14.
-d3a8
Convert -302335 (base 7) to base 5.
-3120110
What is 410 (base 9) in base 2?
101001101
Convert -222210 (base 3) to base 9.
-883
What is 1001100110101101 (base 2) in base 15?
b9cb
-19408 (base 10) to base 16
-4bd0
Convert -13653 (base 11) to base 2.
-100101111011010
-14290 (base 11) to base 9
-30762
What is 4721 (base 10) in base 2?
1001001110001
What is 213020 (base 4) in base 11?
1977
Convert -562 (base 8) to base 3.
-111201
-3230 (base 11) to base 6
-31432
What is -16b (base 12) in base 9?
-272
What is -103121 (base 5) in base 10?
-3536
12021 (base 3) to base 7
262
What is -400 (base 8) in base 12?
-194
Convert 2013121 (base 4) to base 6.
104041
-3162 (base 7) to base 11
-930
What is -263a (base 16) in base 15?
-2d76
What is 1201221 (base 3) in base 10?
1267
604 (base 11) to base 8
1332
What is 1102451 (base 6) in ba